f b?
0
Let o be 216/16*4/(-3). Let k be o/99 - (-2)/11. Suppose -100 = -2*g - 2*g + 4*m, 5*g + 4*m - 170 = k. What is the tens digit of g?
3
Let i = 4166 - 2400. What is the tens digit of i?
6
Let p(b) = b**3 - 19*b**2 + 24*b - 26. Let n(i) = 18*i**3 - i + 1. Let r be n(1). What is the tens digit of p(r)?
8
Let o = -11 - -16. Suppose -7*a = -2*a - o. What is the units digit of ((-42)/49)/(a/(-7))?
6
Let j(p) = 156*p - 204. What is the hundreds digit of j(10)?
3
Let u(p) = -8*p**2 - 2*p - 4. Let j(a) = 3*a**2 + a + 2. Let t(c) = -5*j(c) - 2*u(c). Suppose -5*m + 0 = 20. What is the tens digit of t(m)?
1
Let f be (-39)/(-26)*(-32)/6. Let y(v) = 2*v**2 + 4*v + 27. What is the hundreds digit of y(f)?
1
Suppose -2*p + p + 44 = 0. Let g = p - 5. Suppose -8 = 5*f + 7, 3*k - 5*f - g = 0. What is the units digit of k?
8
Let p = 952 + -122. What is the tens digit of p?
3
Let d be 0 - (4 - 21/3). Suppose -4*w = 4*a - d*w - 335, -110 = -a + 5*w. Let q = a - 61. What is the units digit of q?
4
Let u(x) = 3*x**3 + 0*x - 3*x - 1 + 6*x + x**2. Let m be u(2). Let p = 51 - m. What is the units digit of p?
8
Let l(y) = 4*y**3 - 8*y**2 - 23*y - 1. Let h(m) = -3*m**3 + 9*m**2 + 22*m + 2. Let d(q) = -3*h(q) - 2*l(q). What is the units digit of d(13)?
4
What is the tens digit of 2/(-2) + 361 - (-20)/10?
6
Suppose 35*d - 7791 - 96159 = 0. What is the tens digit of d?
7
Let k = -58 + 64. Suppose -k*s + 153 = -537. What is the units digit of s?
5
Suppose 30634 - 4054 = 10*u. What is the hundreds digit of u?
6
Let i(a) be the first derivative of -a**5/30 + 2*a**4/3 - 5*a**3/2 + 9*a**2/2 - 4. Let q(v) be the second derivative of i(v). What is the units digit of q(6)?
9
Let l = 23 - 51. Let y(t) = -5*t + 16. Let b be y(5). Let n = b - l. What is the units digit of n?
9
Suppose -7*x + 0*x + 1197 = 0. What is the tens digit of x?
7
Suppose -2*s + 722 = 2*u - 506, -2*s + 2*u + 1208 = 0. What is the tens digit of s?
0
Suppose 4*h = 2*d + h - 76, -96 = -2*d - 2*h. Suppose -d = -r - r. What is the tens digit of r?
2
Let k be 10 + 0 + -2 + 2. Let p be 4/((-24)/(-51))*k. Let a = -50 + p. What is the units digit of a?
5
Let a = -628 - -258. Let j = a - -539. What is the hundreds digit of j?
1
Let f(u) = u**3 + 12*u**2 + 9*u + 13. Let x = 53 - 20. Suppose 0*j - 3*j = x. What is the units digit of f(j)?
5
Let x(y) = -3*y**3 + 6*y**2 - 5*y. Let k be x(2). Let b(c) = c**2 + 3 - 19 + 9*c - 3*c. What is the tens digit of b(k)?
2
What is the thousands digit of ((-50)/45)/((-11)/19107)?
1
Let x be ((-1)/1)/(2/(-422)). Suppose 2*n = j + 126 + x, 0 = -4*n - 5*j + 709. What is the tens digit of n?
7
Let w = 51 + -3. Let j = 118 - w. What is the units digit of j?
0
Let y(q) = 347*q + 201. What is the units digit of y(2)?
5
Let w(y) = y**2 - 8*y + 7. Let c be 3/2*(-112)/(-24). Let x be w(c). Suppose -2*b + x*b = -8. What is the units digit of b?
4
Let y(m) = 2 + 2 - 2 - 5. Let d(x) = x - 12. Let h(p) = 6*d(p) - 22*y(p). What is the tens digit of h(6)?
3
Let h(d) = -188*d - 665. What is the hundreds digit of h(-20)?
0
Let y = -546 - -918. Suppose m + y = 5*z - 0*m, 4*z = m + 298. What is the tens digit of z?
7
Suppose 3*c - 100 = -c. Suppose 4*d + 9 = c. What is the units digit of 26*(-1)/((-8)/d)?
3
Let o be 4*2*(3 + -2). Let v(b) be the second derivative of b**4/12 - b**3 + 3*b**2 - 3*b. What is the tens digit of v(o)?
2
Suppose 5*y = 58 + 2. Let m be (-6)/30 + y/10. Let u = m - -10. What is the units digit of u?
1
Suppose -2*t - 4 = -14. What is the tens digit of 752/18 - (t - 94/18)?
4
Let j(v) = -12*v**3 - 2*v**2 - 5*v - 4. Let a be j(-2). Let g = a + -6. What is the units digit of g?
8
Suppose p - 6 = -3*f, 0*f = -f - 4*p + 2. Suppose -d - d - 166 = -4*l, f*d + 40 = l. What is the units digit of l?
2
Let f be 2/((-19)/(-80) - (-2)/(-8)). Let x = 224 + f. What is the tens digit of x?
6
Let q = -24 - -67. Suppose 0 = -q*n + 38*n + 980. What is the tens digit of n?
9
Let q = 2214 - 668. What is the tens digit of q?
4
What is the units digit of 4004/6 - 98/(-147)?
8
Suppose 2048 = 3*h + 5*x, 0 = -3*h - x + 2312 - 268. What is the tens digit of h?
8
Suppose 3*g + 446 = -5*y, -2*y - 584 = 4*g - 6*y. Let n = g - -418. What is the tens digit of n?
7
Let n(o) = -6*o - 49. Let w be n(-9). Suppose c = 3*j - 31 + 3, -2*j + w*c = 3. What is the tens digit of j?
1
Let k = 2699 + -1285. What is the tens digit of k?
1
Let o(u) = -u**2 - 4*u - 1. Let g be o(-3). Suppose -g*i = -147 + 33. Let x = 84 - i. What is the tens digit of x?
2
Suppose -3*o + 88 = 2*o + 2*l, -4*l = -16. Suppose m + o = 2*m. What is the tens digit of m?
1
Suppose 2*a = 1 - 1. Suppose a = b - 3, 2*b = -5*l - 3*b + 175. What is the units digit of l?
2
Suppose y + 60 = 6*y. Suppose 0 = -4*u - y + 4. Let m = 3 + u. What is the units digit of m?
1
Let r = 455 - 150. Suppose -r = -3*g - 2*g. What is the units digit of g?
1
Let j(b) = 5 - 4 + 4 + 5*b + b**2 + 6*b. Let z be j(-11). Suppose 0 = z*x - 25 - 100. What is the tens digit of x?
2
Let y = 166 - 125. What is the tens digit of y?
4
Let u = 125 - -127. What is the tens digit of u?
5
Suppose -420 = -2*k + 5*z, -k + 277 - 67 = -5*z. Suppose a = 4*x - 280, -2*a - k = -3*x - 3*a. What is the tens digit of x/(-8)*(-4 - 0)?
3
Let y(a) = 4*a**3 - 3*a**2 - 4*a + 3. Let l be y(3). Suppose 5*m = -5*u + 310, 0 = 3*m - 5*u - l - 106. What is the tens digit of m?
6
Let i be (-825)/(-22) - 6/(-4). Let u = i - 3. What is the tens digit of u?
3
What is the units digit of (-5)/((-105)/63948) + (-77)/539?
5
Suppose -3*h = 3*u - 15, 0 = 2*u - 5*u + 15. Suppose -5*c + 840 = -3*r - r, h = -4*r - 20. What is the hundreds digit of c?
1
Suppose -3*v + 35 = 2*v. Suppose -2*z + 39 = v*i - 2*i, z - 9 = i. What is the units digit of z?
2
Let b = -832 - -542. Let s = 425 + b. What is the units digit of s?
5
Suppose 3*n - 190 - 347 = 0. What is the tens digit of n?
7
What is the units digit of ((10/15)/(-2))/((-6)/39438)?
1
Suppose 3*p - 327 - 135 = 0. Let f = p + -64. What is the tens digit of f?
9
Let t = 47 - 82. What is the hundreds digit of (t/(-28))/((-1)/(-136))?
1
Suppose 0 = -2*b + 336 + 496. What is the hundreds digit of b?
4
Let z(a) = 364*a**2 - a + 2. Let y be z(1). Suppose -26*p + 31*p - y = 0. What is the units digit of p?
3
Let b(z) = 7*z**2 - 15*z + 36. What is the thousands digit of b(-12)?
1
Let h(f) = f**2 + 11*f + 41. What is the tens digit of h(-6)?
1
Suppose -17*j + f = -21*j + 3507, -2*j + 1764 = 4*f. What is the tens digit of j?
7
Let c(g) = -g**2 + 37*g - 6. What is the units digit of c(32)?
4
Let g be 13/39*(5 + 1). Let f be ((-136)/4)/g*-1. Suppose -f*l - 100 = -19*l. What is the units digit of l?
0
Let u(z) = 10*z - 27. Let x be (2/(-5))/(6/(-240)). Suppose -3*q + 5*q = x. What is the units digit of u(q)?
3
Suppose 8*d = 18 + 22. Suppose d*v = -5*v + 800. What is the tens digit of v?
8
What is the tens digit of (-148827)/(-38)*6/7?
5
Let u be ((-15)/10)/(3/18). Let p = u - -42. What is the units digit of p?
3
Let i be (-2 - 2)/(-4)*(1 - 26). Let b = 33 + i. What is the units digit of b?
8
Suppose -5*p = 3*g - p - 14, 2*p = 4. Let m(o) = 7*o**3 + 3*o - 2. What is the tens digit of m(g)?
6
Let t = -3062 + 4475. What is the tens digit of t?
1
Let f be (-49)/21 - 4/6. Let p(d) = d**3 + 3*d**2 - 2*d - 2. Let t be p(f). Suppose t*v = -4*c + 152, 113 = 3*v - c + 5*c. What is the tens digit of v?
3
Suppose 3*s - 5*s = -8. Suppose 2*t = -0*x - 2*x + 24, s*t + 22 = x. What is the tens digit of x?
1
Let l be 5/20 - 11/(-4). Let u = 2 + 1. Suppose -3*i - l*t - u = 0, 2*i = -0*i - 5*t - 17. What is the units digit of i?
4
What is the tens digit of 2528/(-6)*(-28 + 25)?
6
Let o = -736 - -1654. What is the tens digit of o?
1
Suppose 3*g = 4*z - 6 - 10, -z = 2*g + 7. Suppose -4 = -5*b - i, -b + 9 - z = 2*i. Let w = 11 - b. What is the units digit of w?
1
Let k = -3716 + 5740. What is the hundreds digit of k?
0
Let s = -704 + 1012. What is the tens digit of s?
0
Let r(m) be the third derivative of m**6/120 - m**5/60 - m**4/24 - 7*m**2. Let i be r(-3). Let d = i - -60. What is the tens digit of d?
2
Let w = 7 + -7. Suppose k + 2*a - 8 = w, -k + 0*a + 4*a = 10. What is the units digit of (k - -1)/(-3)*-10?
0
Let t be ((-1)/(-2))/(17/(-4522)). Let f = t - -294. What is the tens digit of f?
6
What is th